and 15081?
33
Calculate the highest common factor of 147602 and 3458.
182
What is the greatest common divisor of 216 and 197748?
108
What is the greatest common factor of 5658 and 43194?
138
Calculate the highest common divisor of 33240 and 480.
120
Calculate the highest common divisor of 2758 and 1182.
394
Calculate the highest common factor of 651 and 15996.
93
What is the greatest common divisor of 6795 and 1260095?
755
What is the highest common factor of 475 and 234460?
95
Calculate the highest common divisor of 18629990 and 410.
410
Calculate the highest common divisor of 5957238 and 406.
406
What is the greatest common factor of 336546 and 54?
18
Calculate the greatest common divisor of 356 and 27679.
89
What is the greatest common factor of 5376 and 3416?
56
What is the greatest common factor of 1880 and 79195?
235
What is the greatest common factor of 1305905 and 9035?
695
Calculate the greatest common divisor of 36272 and 48.
16
What is the highest common divisor of 178330 and 340?
170
What is the highest common factor of 58625 and 1775?
25
What is the highest common divisor of 1116 and 468?
36
Calculate the highest common factor of 44 and 13827132.
44
Calculate the highest common factor of 11421 and 16281.
243
What is the highest common divisor of 756 and 127932?
84
Calculate the greatest common factor of 24 and 958524.
12
Calculate the greatest common divisor of 14013 and 3429.
27
Calculate the greatest common factor of 259 and 411847.
37
What is the highest common factor of 2001 and 10097?
23
What is the greatest common divisor of 3312 and 16698?
138
Calculate the greatest common divisor of 767 and 494833.
59
Calculate the highest common factor of 90733 and 2583.
41
What is the greatest common factor of 216264 and 24?
24
What is the highest common divisor of 84 and 1956?
12
Calculate the highest common divisor of 1663442 and 22.
22
What is the highest common divisor of 1560 and 1495624?
104
Calculate the highest common divisor of 779 and 13471.
19
What is the greatest common divisor of 606541 and 185?
37
Calculate the highest common divisor of 1775848 and 3008.
376
What is the greatest common divisor of 4 and 52898?
2
What is the highest common factor of 4748 and 16?
4
Calculate the highest common divisor of 12 and 287716.
4
What is the highest common divisor of 45 and 324?
9
What is the greatest common factor of 804487 and 53?
53
What is the greatest common divisor of 60175 and 100?
25
Calculate the greatest common divisor of 2279 and 22101.
53
Calculate the highest common divisor of 11571 and 114.
57
Calculate the highest common divisor of 33858 and 226974.
1254
What is the highest common divisor of 138843 and 36?
9
What is the highest common divisor of 8 and 39840?
8
What is the greatest common divisor of 44 and 115841?
11
What is the greatest common divisor of 22772 and 16?
4
Calculate the greatest common factor of 132314 and 143.
13
What is the highest common divisor of 45549 and 54?
27
Calculate the greatest common factor of 998719 and 82.
41
What is the highest common factor of 9605 and 1999761?
1921
What is the highest common divisor of 212894 and 33?
11
Calculate the greatest common factor of 302589 and 378.
189
What is the highest common divisor of 145 and 173333?
29
Calculate the greatest common divisor of 22759549 and 19.
19
Calculate the highest common divisor of 1668425 and 275.
275
What is the highest common divisor of 34 and 1749725?
17
What is the greatest common divisor of 1079799 and 21?
21
What is the greatest common factor of 1763 and 2583?
41
Calculate the highest common factor of 1330 and 475860.
70
What is the highest common divisor of 14123 and 24837?
487
Calculate the greatest common factor of 90730 and 633.
211
Calculate the greatest common divisor of 235202 and 594.
22
Calculate the greatest common divisor of 119086 and 22.
22
What is the highest common factor of 20161063 and 13?
13
Calculate the highest common factor of 188 and 6808796.
188
Calculate the highest common factor of 45880 and 2560.
40
Calculate the greatest common divisor of 183 and 4941.
183
What is the highest common divisor of 2033 and 63289?
19
What is the highest common factor of 72 and 7407?
9
What is the highest common factor of 363 and 266739?
33
Calculate the greatest common factor of 71148 and 3108.
84
Calculate the greatest common divisor of 179102 and 154.
154
Calculate the greatest common divisor of 17822 and 968016.
938
Calculate the greatest common divisor of 103917 and 3619.
517
Calculate the greatest common factor of 6354 and 468.
18
What is the greatest common divisor of 32508 and 1634?
86
What is the greatest common divisor of 506 and 335225?
253
Calculate the greatest common divisor of 61 and 12566.
61
Calculate the highest common factor of 1592628 and 68.
68
What is the highest common factor of 25312 and 565904?
1808
Calculate the highest common factor of 847 and 23177.
77
What is the highest common divisor of 1393 and 754011?
199
Calculate the highest common divisor of 317287 and 291.
97
What is the highest common divisor of 33066 and 11902?
22
What is the highest common factor of 6 and 240531?
3
What is the greatest common factor of 23574 and 6?
6
What is the highest common divisor of 21 and 70329?
21
What is the highest common factor of 2263 and 12431?
31
Calculate the greatest common factor of 1440 and 101376.
288
Calculate the greatest common divisor of 9206 and 16.
2
Calculate the greatest common factor of 25623 and 292.
73
What is the highest common factor of 741810 and 52140?
2370
Calculate the highest common factor of 2461 and 535.
107
What is the highest common factor of 90916 and 1700?
68
What is the highest common factor of 161 and 967449?
161
What is the highest common factor of 396 and 2359632?
132
What is the highest common divisor of 304 and 861688?
152
What is the highest common factor of 84 and 423780?
84
Calculate the greatest common divisor of 21 and 682563.
21
What is the greatest common divisor of 195 and 610320?
15
Calculate the highest common factor of 36 and 91032.
12
What is the greatest common divisor of 12 and 371082?
6
Calculate the highest common factor of 2330 and 70.
10
What is the highest common divisor of 36121 and 41?
41
Calculate the highest common factor of 19760 and 2170.
10
What is the highest common divisor of 4844118 and 393?
393
Calculate the highest common factor of 752 and 18706.
94
What is the greatest common factor of 44 and 972576?
44
Calculate the greatest common factor of 8631 and 217.
7
Calculate the highest common divisor of 1040 and 511186.
26
Calculate the greatest common divisor of 100 and 764.
4
Calculate the greatest common factor of 400 and 3581800.
200
What is the greatest common factor of 11493 and 257954?
1277
What is the highest common divisor of 4100 and 3772?
164
Calculate the highest common divisor of 44199 and 108.
27
Calculate the highest common divisor of 195 and 382720.
65
Calculate the highest common divisor of 245934 and 702.
234
What is the greatest common factor of 44528 and 15088?
368
What is the greatest common divisor of 250888 and 22?
22
What is the greatest common factor of 62721 and 184?
23
What is the highest common factor of 115489 and 132?
11
Calculate the highest common factor of 493696 and 8.
8
What is the greatest common divisor of 1947389 and 31?
31
What is the greatest common divisor of 83264 and 576?
64
What is the greatest common factor of 5874 and 1584?
66
Calculate the greatest common divisor of 84196 and 508.
4
Calculate the greatest common divisor of 184032 and 6048.
864
Calculate the greatest common factor of 56 and 2642752.
56
Calculate the greatest common factor of 2379310 and 687.
229
What is the greatest common factor of 16264 and 116416?
856
What is the greatest common divisor of 4130 and 49630?
70
Calculate the highest common factor of 113518 and 2152.
538
Calculate the greatest common divisor of 41205 and 69495.
615
Calculate the highest common divisor of 1426 and 31437596.
1426
Calculate the greatest common divisor of 37424 and 24.
8
What is the highest common divisor of 2660 and 230755?
665
What is the highest common divisor of 91360 and 640?
160
What is the greatest common divisor of 313 and 437261?
313
Calculate